housands digit of b?
4
Let o = 88 - 48. Suppose 9*h - h - o = 0. Suppose h*a + 29 = d + 501, -3*a - 5*d + 300 = 0. What is the units digit of a?
5
What is the hundreds digit of 20054 + 1/(3 + 91/(-28))?
0
What is the ten thousands digit of 5*68/(-20) + 54419?
5
Suppose 13*h - 8*h = -0*h. Suppose h = -3*a + 13 - 19, 659 = 3*c + 5*a. What is the tens digit of c?
2
What is the tens digit of (1 + (-2)/4)/(1108/20916824)?
3
Let h = -75 - -96. Let s be (3/9)/(1/h). Suppose s*l - 1062 = 79. What is the tens digit of l?
6
Let a(g) = 58168*g + 29. What is the ten thousands digit of a(1)?
5
What is the ten thousands digit of ((2 + 0)*5249/(-4))/((-154)/924)?
1
Suppose 0 = -17*j + 15*j + 1024. Let b = j - 286. Let s = b - 125. What is the hundreds digit of s?
1
Suppose -t - 2*g = -434, 3*t - 39*g = -43*g + 1310. What is the units digit of t?
2
Suppose -5*b = -2*q - 42, 14*b - 2*q = 18*b - 30. Let k(o) = 6*o**2 - 5*o - 11. What is the tens digit of k(b)?
3
Let u = -16 - -16. Let o be u/(-4 + 5)*1. Suppose 0 = t - o*t - 63. What is the units digit of t?
3
Suppose i - 5 - 167 = -h, 0 = -4*i + 5*h + 661. Let u = i + 197. What is the units digit of u?
6
Let n = -39 - -40. Suppose 0 + 27 = -3*s. What is the tens digit of (11/n)/((-1)/s)?
9
Let y(q) = -12*q**3 - 119*q - 1027. What is the units digit of y(-8)?
9
Suppose 13*k - 173786 = -12*k + 648964. What is the hundreds digit of k?
9
Let w(q) = 102*q + 48. Let o be w(3). Suppose 0 = 14*f - o + 18. What is the tens digit of f?
2
Let s = 753 + -746. Suppose -4*w - 14*o = -s*o - 3741, 0 = w + o - 936. What is the hundreds digit of w?
9
Let j = 8551 - 4118. What is the tens digit of j?
3
Suppose -5*o + 2*d = 1003, 319 = -5*o - 5*d - 691. Let u = o - -485. What is the tens digit of u?
8
Let y = -3813 - -4728. What is the hundreds digit of y?
9
Let r = 1414 - -73. What is the thousands digit of r?
1
Suppose -222*i = -18*i - 4583880. What is the tens digit of i?
7
Let j be 6/(-14) - (-50270)/7. What is the units digit of j/11 - 2/(-11)?
3
Let r(q) = 1029*q - 1966. What is the units digit of r(27)?
7
Let w(u) = 6*u**3 - 8*u**2 + 27*u - 6. What is the hundreds digit of w(9)?
9
Let u = 98 - 20. Suppose -u*o - 2404 = -82*o. What is the units digit of o?
1
Let g = 3136 - 1996. Suppose -4*o + g = -660. Suppose 78*f - 83*f + o = 0. What is the units digit of f?
0
Suppose -3*u + 92008 = u + 4*f, 4*u = 2*f + 91972. What is the ten thousands digit of u?
2
Let o(b) = b**3 + b. Let d(z) = 8*z**3 + 7*z**2 + 16*z - 1. Let u(c) = -d(c) + 6*o(c). Let r be (3 - (-301)/(-49)) + (0 + 4)/28. What is the tens digit of u(r)?
2
Let n(y) = 173*y + 16. Suppose 0 = -2*z - 2*q + 6, 3*z - 7 - 2 = -q. What is the hundreds digit of n(z)?
5
Suppose -2*o = -193 + 5. Suppose -5*p - o = -4. Let w = 43 + p. What is the tens digit of w?
2
Suppose -11*o + 4156 = -7*o - 2*h, -2*o - 5*h = -2102. Let s = o - 610. What is the units digit of s?
1
Suppose 13*z - 2*z = 44. Suppose -4*n - 48 = -4*c, -z*n = -c - 4*c + 48. Let p(d) = -d**3 - 10*d**2 - 3*d - 35. What is the units digit of p(n)?
9
Let x = -1922 + 2884. Let j = x + -455. What is the hundreds digit of j?
5
Suppose 3*g - 204 = -0*g. Let p = 108 - g. What is the units digit of p?
0
Let z(f) = -5500*f - 499. What is the tens digit of z(-2)?
0
Suppose 3*j - 290 = 4*k + 642, 1130 = -5*k - 5*j. Let w = k + 316. What is the units digit of w?
6
Let r = 26 + -22. Let p be (-4 - (-12)/r) + 3. Suppose 2*q + h - 48 = 0, q = -p*q - 5*h + 86. What is the tens digit of q?
2
Let m(t) = -t**3 - 8*t**2 - 16*t - 5. Let w be m(-5). Suppose -30 = -w*s - s + 4*v, -s + 66 = 5*v. Let b = 4 + s. What is the units digit of b?
0
Let i be (-4)/14 - (2 + (-2528)/28). Suppose 6 = 3*a + h - 47, -5*a = 2*h - i. What is the tens digit of (-100)/((2/(-6))/(6/a))?
0
Let w(y) = y**3 - 94*y + 16397. What is the ten thousands digit of w(0)?
1
Let u(z) = 54*z**3 - 19*z**2 + 80*z - 11. What is the ten thousands digit of u(9)?
3
Let u = 8509 + -4671. What is the thousands digit of u?
3
Let v(f) = 29*f**2 + 10*f - 2. Suppose -23*t - 29 = 40. What is the hundreds digit of v(t)?
2
Let j = 55 - -762. Let g = j - 315. What is the units digit of g?
2
Let i(g) = 129*g**2 - 7*g - 15. Let n be i(-2). Suppose -y + n = 4*s, -3*y + 1590 = -0*y + 3*s. What is the hundreds digit of y?
5
Let z be 2/5 - 154/10. Let k be 2/(58/4 + -15). Let l = k - z. What is the units digit of l?
1
Let p(r) = -6*r**3 - 98*r**2 - 211*r + 31. What is the ten thousands digit of p(-23)?
2
Suppose 4*t = -2*h + 12976, -h - t + 6486 = -0*t. What is the hundreds digit of h?
4
Let x = -136 - -140. Suppose 70 = x*d - 2*l, -4*l + l - 5 = -d. What is the units digit of d?
0
Let q be (3 - 40 - -1) + -3. What is the tens digit of q/(-26)*(-254)/(-3)?
2
Let t = 1518 + 1971. What is the units digit of t?
9
Suppose 37*x + 6*x = 6*x + 3083173. What is the ten thousands digit of x?
8
Let k = 154 + -102. Suppose -k*l = -65*l + 5187. What is the tens digit of l?
9
Let y = 96054 - 68166. What is the thousands digit of y?
7
Suppose -2*h = 8*x - 117610, h - 58800 = 38*x - 43*x. What is the ten thousands digit of h?
5
Let a(b) = -2*b + 569. What is the units digit of a(15)?
9
What is the units digit of (65*86/(-3913))/(1/(-38066))?
0
Let k be ((-2439)/114 - (-22)/(-209))*-2. Suppose 5*j - 5395 = 5*w, k*j + 1079 = 44*j + w. What is the tens digit of j?
7
Let v(u) be the third derivative of -29*u**4/12 - u**3 - 3*u**2. Let s be (-6)/(-2) + -2 + 11 + -15. What is the hundreds digit of v(s)?
1
What is the units digit of (2/7)/((-82)/(-11461058)) - -13?
7
Let g be (-4 - (-5 - 0)) + -1. Suppose 5*k - p - 23 = g, k - 5*p - 6 = 13. Suppose 4*l = -7 + 23, -2*b + 64 = k*l. What is the tens digit of b?
2
Let h(w) = 4*w**2 - 21*w - 5. Suppose 0 = 5*i + 10, -2*v - 4*i + 9 = -3. What is the hundreds digit of h(v)?
1
Suppose 45*v - 46*v = -3. What is the hundreds digit of 4068/27 + (-2)/v + 1?
1
Let g = -4973 - -5265. What is the tens digit of g?
9
Suppose -5*v + 4*u = -515, -v + 4*v - 316 = u. Suppose 0*r + 117 = 3*r + 3*j, 0 = -3*r - 5*j + v. What is the tens digit of 20*((-6)/21 - r/(-56))?
1
Let s = 41 - 37. Suppose 3*v = 2*a - 863, -v = a + a - 875. Suppose -a = -s*x - 44. What is the tens digit of x?
9
Let u = -13260 - -27290. What is the tens digit of u?
3
Let n be (-76)/28 - ((-90)/(-21) + -4). What is the hundreds digit of (33 + -36)/(n/160)?
1
Suppose 0 = 5*m + 4*s - 36, 3*s - s = -m + 12. Suppose 6*g - 84 = m*g. What is the units digit of g?
2
Suppose 2*r + 6 = 3*r. Suppose r*w = -w + 4*w. Suppose -3*l + 0*l + 267 = w. What is the tens digit of l?
8
Suppose 480*v - 1239 = 473*v. Let a(z) = 80*z. Let b be a(-1). Let j = v + b. What is the tens digit of j?
9
Suppose -5*c + 3*l + 4 = 0, -4*c - 5*l = -19 + 1. Let i(u) = 3*u**3 + 6*u**c - 7*u**3 + 0*u + u - 2 + 5*u**3. What is the units digit of i(-5)?
8
Let b(x) = 8*x**3 - 10*x**2 - 50*x - 43. What is the hundreds digit of b(11)?
8
Let m be (-68)/18 - (24/(-27))/(-4). Let d be -6*m/(-8) - 369. What is the units digit of (-2)/((-40)/d)*15/(-3)?
3
Let r(i) = -i**3 - 7*i**2 + 23*i + 4. Let a be r(-10). Suppose a = 4*w + 678. Let l = 257 + w. What is the units digit of l?
6
Let y be ((-12)/3)/1 + 2. Let g be 135/y*(-5 - 38/(-10)). Let l = g + 68. What is the hundreds digit of l?
1
What is the hundreds digit of ((-44268)/8 - 3)/((-18)/12)?
6
Let r = -510 + 508. Let s(x) = -1082*x - 72. What is the hundreds digit of s(r)?
0
Let d = 28733 + -13282. What is the ten thousands digit of d?
1
Let j = 16821 + -8924. What is the thousands digit of j?
7
Let d(b) = 83*b - 1227. What is the thousands digit of d(33)?
1
Suppose -3*q + 2*q + 130 = 0. Suppose 61*y = 60*y + q. Suppose x - y = 98. What is the tens digit of x?
2
Let j = 9 + 1. Let q(g) = -4*g + 82 + 3*g - 44. What is the units digit of q(j)?
8
Let u(a) = -a**2 + 6. Let v be u(-4). What is the tens digit of 11397/9 - (0 + v/15)?
6
What is the thousands digit of 20944/6 + 490/(-735)?
3
Suppose 5*n - 3*n = 24. Let c(s) = s**2 - 11*s + 3. Let o be c(n). Suppose o*k + 1444 = 4144. What is the hundreds digit of k?
1
Let h(d) = -2*d**2 - 24*d - 62. Let t be h(-7). Suppose 6318 = 4*i + 6*c - t*c, 0 = i - 3*c - 1587. What is the thousands digit of i?
1
Suppose 0 = 3*x + k - 9286, -115*x + 114*x + k + 3090 = 0. What 